e hundreds digit of t?
1
Let u = 214 + -556. What is the units digit of (0 + -1)/(8/(-2 + u))?
3
Suppose 0 = 3*b + 66 - 141. Suppose 11800 = b*v - 5*v. What is the tens digit of v?
9
Suppose 2*w - 650 = 59*o - 55*o, o + 3*w + 159 = 0. What is the thousands digit of ((0 - 0) + (-21564)/o)*9?
1
Suppose 3*s + 15 = l + 6, -10 = 5*s. Suppose -5*g - 4*v = -409, l*g + v - 245 = -v. Suppose -5*r + 39 = -g. What is the units digit of r?
4
Let t(k) = -k**3 - 4*k**2 + 5*k + 4. Let y be t(-5). Suppose 3*l - y*h + 886 = -0*l, -2*l - 592 = -4*h. What is the units digit of l/(-9) - (-2)/6?
3
Let c(y) = -20*y**3 + 2*y**2 - y - 1. Let s be c(2). Let a = -479 - s. Let l = a + 462. What is the hundreds digit of l?
1
Suppose -6*f - 2597 - 397 = 0. Let x = -344 - f. What is the units digit of x?
5
Let o = -47 + 55. Let s be ((-3)/(-1) - -2)*o/20. Suppose s*l - 61 = -a, -3*l - a + 3*a = -74. What is the units digit of l?
8
Let j be 1/2*(1 + 5). Let b(m) = -35*m**2 + 11*m - 9. Let o be b(2). What is the tens digit of ((o/(-3))/1)/(1/j)?
2
Suppose 3*p + 20 = -4*q, 0*p = 2*p - 4*q - 20. Suppose 12*h - 3073 - 443 = p. What is the tens digit of h?
9
Suppose 5*h - 5*u - 24055 = -4905, -u = h - 3830. What is the hundreds digit of h?
8
Let n = -150 + 160. Let h(v) = -v**3 + 12*v**2 - 23*v + 38. What is the units digit of h(n)?
8
Suppose -2*r + 3 = 3*h, 0 = 5*r + 5*h - 18 + 3. Suppose b + 5*i - 154 = 0, -5*b = -r*i + 4*i - 851. What is the units digit of b?
9
Let i(x) = -42*x + 1796. What is the units digit of i(-22)?
0
Let j = 9090 - 4135. Suppose 22*h + 709 = j. What is the hundreds digit of h?
1
What is the units digit of 8649 + (9 - -1)/((-286)/143)?
4
Suppose -9 = 13*w - 16*w. Suppose 0 = m + p - 6, 2 = w*p - 2*p. What is the units digit of m?
4
Let o(i) = i**2 + 7*i - 3. Let d be o(-8). Let m(y) = -18*y + 29. Let r(s) = -36*s + 58. Let l(h) = 7*m(h) - 4*r(h). What is the units digit of l(d)?
1
Let d(a) be the first derivative of a**4/4 + 2*a**3 + 5*a**2/2 - 18*a + 15. Let i be d(-6). What is the hundreds digit of (-8)/(i/1674)*(1 - 0)?
2
Let s(u) = 3*u - 40. Let o be s(14). Suppose -m + 208 = -o*h, -4*m - 263 + 1095 = 4*h. What is the units digit of m?
8
Let c be (-6)/(-8)*(-2 - -26) + -2. Suppose 2*r + 4*z + c = 0, -4*r + 2*z = -9 - 9. Suppose 0 = -5*l + r*l + 183. What is the units digit of l?
1
Let n(o) = -3*o**3 + 16*o**2 + 37*o - 6. Let u be n(7). What is the units digit of 350/(-40) + u + (-7926)/(-8)?
0
Let j = -47 + 56. Let p(k) = -15*k**2 + k**3 + 14 + j + 7 - 2*k**2. What is the tens digit of p(17)?
3
Let s(r) = 32*r**3 + 10*r**2 - 78*r + 3. What is the units digit of s(4)?
9
Let y(m) = -2*m - 6. Let j(d) = -30*d - 29. Let s(q) = -j(q) + 6*y(q). Let a = -5 + 11. What is the hundreds digit of s(a)?
1
Suppose x = 3*m + 17, 0 = 82*m - 86*m - 12. Let i(g) = g**2 - 7*g + 108. What is the hundreds digit of i(x)?
1
Let k(c) = -c**3 - 71*c**2 - 16*c - 353. What is the tens digit of k(-71)?
8
What is the units digit of -2 + (-16)/(-6) + ((-8225)/(-15) - -14)?
3
Suppose 2*i + 37*o - 33*o = 17680, o - 17701 = -2*i. What is the units digit of i?
4
What is the units digit of ((22 - 20) + 36/(-20))/(1/92830)?
6
Let c = -816 - -149. Let o = 1570 + c. What is the tens digit of o?
0
Let y(d) = 51*d**2 - 3*d - 50*d**2 - 5 - 3. Let r be y(5). Let x(g) = 13*g**2 - g - 2. What is the units digit of x(r)?
8
Let v = -54 + 58. Suppose 5*d + j - 636 = 0, -v*d + 5*j = 3*j - 520. Suppose 0 = -31*x + 35*x - d. What is the units digit of x?
2
Let c(r) = 89*r**2 + 10*r + 10. Let y be c(-5). Suppose 78*q + y = 83*q. What is the units digit of q?
7
Suppose -2*k + 10 = 0, 12 = a + k + 2*k. Let g(f) = -18*f**3 - 5*f**2 - 5*f - 3. What is the units digit of g(a)?
3
Suppose -18*x = -23*x - 90. Suppose -16 + 1 = 5*g. What is the units digit of (57 + g/(-1))*x/(-8)?
5
Suppose 0 = 21*p - 22*p - 4185. What is the units digit of (-54)/(-99) - p/11?
1
Suppose 2*q + 46236 = 2*t, 26*q + 23136 = t + 22*q. What is the tens digit of t?
1
Suppose 27*h - 40*h + 1443 = 0. Let w = 357 + h. What is the units digit of w?
8
Suppose -9*v - 138 = 123. What is the tens digit of 3/1 - (v + -459)?
9
Suppose -c - 9 + 10 = 0, c = m + 93. What is the thousands digit of (8 - m/(-12))*5196?
1
Let q = -529 - -537. What is the units digit of 33882/48 + 1/q?
6
Suppose 3*w + 38 = -7. Let r be (-1364)/(-330) + 2/w. What is the tens digit of 7*(11/7 + r)?
3
Suppose 284*t - 762112 = 220*t. What is the hundreds digit of t?
9
Suppose -993 = 6*h - 8985. What is the tens digit of (8 + 0)/((-9)/(h/(-8)))?
4
Let c = -258 + 262. Suppose -3*s + 1371 = 4*b - 612, 0 = c*s + 12. What is the units digit of b?
8
Let o(d) = -3608*d - 863. What is the hundreds digit of o(-3)?
9
Let v(i) = i**3 + 21*i**2 + 40*i + 36. Let y be v(-19). Let k be (-2 - 6)/(y/5). Let n(u) = -u**3 + 21*u**2 - 12*u + 23. What is the units digit of n(k)?
3
Let j(k) = 4*k**2 - 38*k + 8. Let n be j(17). Let u = 195 + n. What is the units digit of u?
3
Let i = 40952 + -17702. What is the hundreds digit of i?
2
Let f = -2511 + 1458. Let r = f + 1775. What is the hundreds digit of r?
7
Suppose 8*f - 196 = -6*f. Suppose -22 = -9*g + f. What is the tens digit of (182/g)/(4/40*5)?
9
Let y be 4/(-3)*(315/20)/(-7). Suppose 2*j = y*l - 226, 0*j + 159 = 2*l - 3*j. Let m = l + 2. What is the tens digit of m?
7
Let a = -64 - -66. Let i(j) = 16 + 15*j**a - j**2 - 2*j**2 + j**3. What is the tens digit of i(-12)?
1
Suppose -4*x = -24, -k + 10232 + 8071 = 5*x. What is the ten thousands digit of k?
1
Suppose -2*c + 2*i = 3*c + 110, -4*c - 3*i - 88 = 0. Let j(o) = -o**3 - 22*o**2 - 7*o + 35. What is the hundreds digit of j(c)?
1
Let s = 10273 + 9807. What is the units digit of s?
0
Suppose 28 + 350 = 6*b. Suppose 389 = -b*h + 64*h. What is the tens digit of h?
8
Let a = -578 - -410. Let c = 609 + a. What is the tens digit of c?
4
Suppose 0*i + 4*i = 4*c + 16, -16 = 3*c - 4*i. Suppose -6*j = -c*j - 1746. What is the hundreds digit of j?
2
What is the hundreds digit of (-58121)/(-230)*46 + (-2)/10?
6
Let m(s) = -s**3 - 5*s**2 + 3. Let y be m(-5). Suppose -y*j = -0*j + 1074. Let u = j - -549. What is the units digit of u?
1
Suppose -9*z + 123 = 32*z. Suppose z*l - 2853 = -3*k, -4762 = -5*k + 3*l - l. What is the tens digit of k?
5
Let a = 400 - 3. Let g = -740 + 1042. Suppose -3*z + a = -g. What is the units digit of z?
3
Let a(z) = 4*z**2 + 284*z - 15. What is the tens digit of a(58)?
1
Let x(b) = -3*b - 19. Let h(c) = -c**2 - 8. Let z be h(0). Let k be x(z). What is the units digit of (-6)/((k/25)/((-6)/5))?
6
Suppose -11*k + 2356 = 8*k. Let z = k + 336. What is the units digit of z?
0
Let a(o) = -411*o + 727. What is the tens digit of a(-63)?
2
Let o be ((-6)/8 + 115/276)*-2223. Suppose -s = 25*n - 26*n - 179, 4*s + n - o = 0. What is the units digit of s?
4
Suppose -2*l = 3*v - 22 - 7, -4*v = 2*l - 34. Let p = 7 - 5. Suppose -p*t + l = -41. What is the tens digit of t?
2
Let i(w) be the first derivative of w**3/3 + 18*w**2 - 119*w + 111. What is the tens digit of i(23)?
3
Let l(b) = -b**2 + 27*b + 12. Let g be l(15). Let q = -55 + g. What is the hundreds digit of q?
1
Let g = 713 - -3651. What is the tens digit of g?
6
Let v = -61085 - -100787. What is the ten thousands digit of v?
3
Suppose -2*f + 32 = 4*u + 3*f, 5*u + 4*f - 31 = 0. Suppose 615 = u*p + 2*p. Suppose p = k + 31. What is the units digit of k?
2
What is the tens digit of ((-22150)/20)/(4/(-24))*(-12)/(-15)?
1
Suppose -56*u - 5471 = -356927. What is the units digit of u?
6
Let b(q) be the first derivative of -1229*q**4/4 - 5*q**3/3 - 2*q**2 - q - 122. What is the tens digit of b(-1)?
2
Let r(c) = 12*c + 2 - 3*c - 1. Let x be 1512/168 - ((-6)/(-4))/(6/(-8)). What is the tens digit of r(x)?
0
Let k(a) = -a**3 + 3*a**2 - 14*a + 8650. What is the tens digit of k(0)?
5
What is the units digit of (-120)/(-9)*(6 + (-435)/75)*2742?
2
Suppose -662 - 1816 = -7*b. Let n = b - 150. What is the tens digit of n?
0
Suppose 27*o + 5*z = 24*o + 41812, 0 = -o + z + 13924. What is the ten thousands digit of o?
1
Let s be ((-1)/(-3))/(4/24). Suppose -4*f = 3*i - 1453, 5*f - s*i = 278 + 1521. What is the hundreds digit of f?
3
Let d(m) = 22*m - 20. Let f be d(1). Suppose f*i = -3*g + 5*i + 480, 2*g - 316 = -2*i. What is the hundreds digit 